actor of 6362?
False
Is 431 a multiple of 16?
False
Is 5 a factor of 370?
True
Is 72823 a multiple of 157?
False
Is 251 a factor of 56224?
True
Is 2 a factor of 155?
False
Is 19 a factor of 1285?
False
Is 69 a factor of 3174?
True
Does 55 divide 222?
False
Does 56 divide 587?
False
Does 46 divide 21022?
True
Is 345 a multiple of 23?
True
Is 6101 a multiple of 11?
False
Is 572 a multiple of 13?
True
Is 1755 a multiple of 16?
False
Does 112 divide 15904?
True
Is 22846 a multiple of 118?
False
Does 6 divide 20494?
False
Does 11 divide 460?
False
Does 2 divide 265?
False
Is 5092 a multiple of 12?
False
Does 37 divide 2459?
False
Is 64372 a multiple of 22?
True
Does 25 divide 9825?
True
Is 11 a factor of 1311?
False
Does 26 divide 1612?
True
Does 3 divide 5478?
True
Is 13 a factor of 3848?
True
Is 657 a multiple of 19?
False
Is 23880 a multiple of 15?
True
Is 1470 a multiple of 15?
True
Is 1008 a multiple of 12?
True
Does 7 divide 248?
False
Is 17 a factor of 4301?
True
Is 2773 a multiple of 59?
True
Is 424 a multiple of 14?
False
Is 62 a factor of 431?
False
Is 2120 a multiple of 10?
True
Is 1614 a multiple of 18?
False
Is 15 a factor of 2580?
True
Is 18 a factor of 1192?
False
Is 16 a factor of 5658?
False
Is 215 a factor of 14155?
False
Does 38 divide 1240?
False
Does 27 divide 29875?
False
Is 31 a factor of 24583?
True
Is 10496 a multiple of 8?
True
Is 144 a multiple of 18?
True
Is 203 a multiple of 14?
False
Is 188 a multiple of 18?
False
Is 5601 even?
False
Is 3 a factor of 3710?
False
Is 148339 a multiple of 22?
False
Is 443 even?
False
Does 81 divide 5022?
True
Is 17673 a multiple of 6?
False
Is 126 a factor of 3024?
True
Is 67 a factor of 5226?
True
Does 118 divide 3555?
False
Does 36 divide 612?
True
Is 95 a factor of 2565?
True
Is 8284 a multiple of 109?
True
Is 31 a factor of 7817?
False
Is 13 a factor of 196?
False
Does 85 divide 16957?
False
Is 15 a factor of 1736?
False
Is 16 a factor of 12224?
True
Is 186 a factor of 87186?
False
Is 3325 a multiple of 11?
False
Does 17 divide 442?
True
Does 38 divide 2712?
False
Is 7 a factor of 111?
False
Is 16 a factor of 120?
False
Does 157 divide 7645?
False
Is 147 a multiple of 21?
True
Does 38 divide 4940?
True
Is 68 a factor of 2712?
False
Is 209 a factor of 3814?
False
Is 4 a factor of 4312?
True
Is 2553 a multiple of 37?
True
Is 5647 a multiple of 35?
False
Is 24 a factor of 4213?
False
Is 108 a factor of 3456?
True
Is 6400 a multiple of 22?
False
Does 181 divide 10099?
False
Is 12420 a multiple of 207?
True
Does 62 divide 7874?
True
Is 12915 a multiple of 15?
True
Is 8 a factor of 373?
False
Does 36 divide 1323?
False
Is 79 a factor of 7347?
True
Does 16 divide 192?
True
Does 38 divide 608?
True
Is 68 a factor of 1632?
True
Is 32 a factor of 729?
False
Does 9 divide 13863?
False
Does 23 divide 23408?
False
Is 14 a factor of 39476?
False
Is 744 a multiple of 12?
True
Is 58 a factor of 2223?
False
Does 40 divide 1084?
False
Is 4744 a multiple of 90?
False
Is 85 a factor of 5780?
True
Does 43 divide 6543?
False
Is 9 a factor of 11646?
True
Is 1239 a multiple of 12?
False
Does 15 divide 1271?
False
Does 28 divide 12404?
True
Is 17 a factor of 7638?
False
Does 27 divide 11799?
True
Is 57 a factor of 13281?
True
Is 27 a factor of 1998?
True
Does 4 divide 1035?
False
Is 2 a factor of 1638?
True
Does 139 divide 417?
True
Does 27 divide 32670?
True
Is 51 a factor of 4176?
False
Is 14248 a multiple of 52?
True
Is 227 a multiple of 15?
False
Is 819 a multiple of 13?
True
Is 5 a factor of 122?
False
Is 39 a factor of 1541?
False
Is 1988 a multiple of 23?
False
Does 11 divide 1268?
False
Does 23 divide 1449?
True
Is 11 a factor of 1035?
False
Is 846 a multiple of 23?
False
Does 2 divide 180?
True
Does 90 divide 21870?
True
Is 41429 a multiple of 117?
False
Does 229 divide 17633?
True
Does 12 divide 168?
True
Is 30852 a multiple of 10?
False
Does 29 divide 3393?
True
Is 2763 a multiple of 22?
False
Is 663 a multiple of 17?
True
Is 24 a factor of 24?
True
Is 18 a factor of 7691?
False
Is 234 a multiple of 9?
True
Does 89 divide 4639?
False
Does 21 divide 1092?
True
Is 14830 a multiple of 25?
False
Is 3 a factor of 986?
False
Is 9 a factor of 21737?
False
Does 13 divide 2015?
True
Is 2098 a multiple of 31?
False
Is 14500 a multiple of 125?
True
Is 9 a factor of 540?
True
Is 58 a factor of 6786?
True
Is 70 a factor of 4410?
True
Is 101 a multiple of 30?
False
Does 32 divide 14887?
False
Does 70 divide 20974?
False
Is 2035 even?
False
Does 30 divide 992?
False
Is 20 a factor of 500?
True
Is 11 a factor of 2189?
True
Is 34 a factor of 5406?
True
Does 41 divide 5084?
True
Does 8 divide 4264?
True
Does 24 divide 550?
False
Does 11 divide 14017?
False
Is 3150 a multiple of 126?
True
Is 84 a factor of 2604?
True
Is 6 a factor of 18066?
True
Is 59 a factor of 21476?
True
Does 3 divide 8079?
True
Does 76 divide 1064?
True
Is 615 a multiple of 6?
False
Does 4 divide 80?
True
Is 845 a multiple of 6?
False
Is 9 a factor of 2640?
False
Is 768 a multiple of 32?
True
Is 19 a factor of 23883?
True
Is 1204 a multiple of 2?
True
Is 53 a factor of 12508?
True
Is 5869 a multiple of 90?
False
Does 4 divide 1232?
True
Is 15 a factor of 1489?
False
Is 11 a factor of 910?
False
Is 76 a factor of 3496?
True
Is 118296 a multiple of 74?
False
Is 18052 a multiple of 10?
False
Is 139 a factor of 3137?
False
Is 127 a factor of 4953?
True
Is 7093 a multiple of 42?
False
Is 13 a factor of 468?
True
Is 3959 a multiple of 107?
True
Is 8232 a multiple of 21?
True
Does 13 divide 273?
True
Is 3360 a multiple of 6?
True
Is 9324 a multiple of 9?
True
Does 20 divide 180?
True
Is 3792 a multiple of 48?
True
Does 2 divide 163?
False
Is 12321 a multiple of 9?
True
Is 7805 even?
False
Is 25 a factor of 750?
True
Is 12 a factor of 12900?
True
Is 37 a factor of 1554?
True
Is 10148 a multiple of 43?
True
Does 7 divide 2326?
False
Is 143 a multiple of 11?
True
Is 10 a factor of 2920?
True
Is 20 a factor of 8400?
True
Is 267 a factor of 87442?
False
Is 347 a multiple of 3?
False
Is 230 a factor of 18630?
True
Is 2496 a multiple of 24?
True
Is 26460 a multiple of 6?
True
Is 4963 a multiple of 127?
False
Is 4035 a multiple of 7?
False
Is 944 a multiple of 16?
True
Does 16 divide 1120?
True
Is 19 a factor of 18810?
True
Is 10371 a multiple of 15?
False
Is 375 a multiple of 25?
True
Does 71 divide 1399?
False
Does 127 divide 35585?
False
Is 19 a factor of 342?
True
Is 28 a factor of 662?
False
Does 9 divide 918?
True
Is 12 a factor of 2878?
False
Is 2623 a multiple of 9?
False
Is 3037 a multiple of 34?
False
Is 106888 a multiple of 414?
False
Is 1764 a multiple of 2?
True
Is 7267 a multiple of 23?
False
Is 9 a factor of 393?
False
Does 187 divide 33847?
True
Is 2 a factor of 223?
False
Does 17 divide 5593?
True
Is 1137 a multiple of 2?
False
Is 1407 a multiple of 206?
False
Is 28410 a multiple of 194?
False
Does 46 divide 138?
True
Does 29 divide 116?
True
Does 166 divide 73040?
True
Does 22 divide 10815?
False
Does 24 divide 9696?
True
Is 18 a factor of 486?
True
Is 120 a factor of 11880?
True
Is 3974 a multiple of 2?
True
Is 107 a factor of 11043?
False
Does 126 divide 29697?
False
Is 1723 a multiple of 62?
False
Is 76 a multiple of 2?
True
Is 25 a factor of 8300?
True
Does 68 divide 340?
True
Does 3 divide 2130?
True
Does 57 divide 798?
True
Is 17 a factor of 145010?
True
Does 11 divide 6645?
False
Does 31 divide 69?
False
Is 768 a multiple of 12?
True
Is 1507 a multiple of 54?
False
Is 14 a factor of 25?
False
Is 1688 a multiple of 3?
False
Is 216 a multiple of 45?
False
Is 14 a factor of 224?
True
Does 3 divide 300?
True
Does 40 divide 100?
False
Does 43 divide 1547?
False
Is 104 a factor of 18408?
True
Does 20 divide 1220?
True
Does 201 divide 23517?
True
Is 48 a factor of 2352?
True
Is 102 a factor of 12138?
True
Is 14672 a multiple of 14?
True
Is 7 a factor of 8?
False
Is 14366 a multiple of 10?
False
Is 2 a factor of 205?
False
Is 5488 a multiple of 49?
True
Is 586 a multiple of 5?
False
Is 10 a factor of 470?
True
Is 28 a factor of 1269?
False
Is 2688 a multiple of 8?
True
Is 8562 a multiple of 13?
False
Is 51 a factor of 61302?
True
Is 13 a factor of 1420?
False
Is 2 a factor of 1816?
True
Is 41895 a multiple of 147?
True
Is 161 a factor of 